Let x be r(47). Calculate the greatest common divisor of x and 88.
88
Let d(c) = 6*c**3 + 5 - c**3 + 1097*c + 0*c**3 - 599*c + c**2 - 501*c. Suppose 5*j = -13 + 28. Let g be d(j). What is the highest common factor of g and 20?
20
Let l(b) = -b**3 + 12*b**2 - b + 20. Let t(m) = -16*m - 4. Let h be t(-1). Let v be l(h). Let p = 5 - 3. Calculate the highest common factor of p and v.
2
Let w(s) = -8*s + 96. Let a be w(12). Suppose -5*r + 5*m + 1775 = a, -3*r + 159 + 909 = -4*m. What is the highest common factor of r and 22?
22
Suppose -5*t = -203 - 147. Let d be (-286)/33 - 2/6. Let s = d + 19. Calculate the highest common factor of s and t.
10
Suppose 0 = 71*j - 5164 - 2742 + 593. Calculate the highest common factor of 103 and j.
103
Let x(v) = 7*v**2 - 2*v + 3. Let n be x(2). Suppose -8*p - 765 + 941 = 0. Suppose -5*d + p = 7. What is the greatest common divisor of d and n?
3
Suppose 4 = -4*r - w, 6*w - 18 = -r + w. Let a be r*(-2)/4*2. Let v be (-14105)/525 + 27 + ((-84)/(-45) - 0). Calculate the highest common factor of a and v.
2
Suppose 3310 = 11*i - 408. Suppose 2*d + i = -4*k, 4*d + 2*k + k + 666 = 0. Let s be d/(-10)*16*1/6. Calculate the highest common factor of 33 and s.
11
Suppose -7*s + 3*s + 816 = 4*s. What is the greatest common divisor of 3774 and s?
102
Let h be 5/((-20)/32) - 9074. Let s be -1*5 - h/38. Calculate the highest common factor of s and 390.
78
Suppose 0 = m + z - 779, m = -2*m - 4*z + 2333. What is the greatest common factor of 324 and m?
27
Let i(o) be the third derivative of -o**5/15 + o**4/6 - 5*o**3/6 + 17*o**2. Let g be i(5). Let h = g + 87. Calculate the greatest common divisor of h and 10.
2
Let w(u) = 6*u + 3. Let n(z) = z + 22. Let c be n(-19). Let v be w(c). Calculate the greatest common divisor of v and 3.
3
Let l(i) = 3*i - 10. Let t be l(25). Calculate the greatest common divisor of 1131 and t.
13
Let k = -76 - -79. Suppose -360 = k*v - 8*v. Let b(j) = 5*j - 1. Let g be b(2). Calculate the greatest common factor of v and g.
9
Let g(s) = -36 + 20*s**2 - 4422*s + s**3 - 7 + 4438*s. Let r be g(-19). What is the highest common divisor of r and 126?
14
Let y(p) = -4*p + 2. Let z be y(-5). Let s = -65 + 62. Let v = s + z. What is the highest common divisor of v and 152?
19
Let b(y) = 4*y**2 - 112*y + 45. Let a be b(29). Calculate the highest common divisor of 17227 and a.
161
Let b = 4 + 26. Let u = -899 + 979. Calculate the highest common divisor of u and b.
10
Let g = -19887 + 22837. What is the highest common factor of 400 and g?
50
Suppose -5*j = -751 + 36. Let t(m) = -m + 30. Let v be 340/12*(-21)/(-35). Let a be t(v). Calculate the greatest common divisor of j and a.
13
Let g = -3 - -22. Let f(k) = k + 22. Let c be f(g). Suppose -43 = -6*z + c. What is the highest common factor of z and 35?
7
Let u = 329 - 329. Suppose -5*f = -3*a + 27, -2*a + 4*f + u = -18. Suppose o - h - 44 = -0*o, 3*o + 5*h = 140. What is the greatest common divisor of a and o?
9
Let o(m) = m**2 + 5*m + 34*m**2 - 27*m**2 + 5. Let x be o(-1). Suppose -2*n + 353 = 2*n - d, 3*n - 262 = -2*d. Calculate the highest common divisor of n and x.
8
Suppose 93 = 3*h - 479*v + 483*v, 0 = 2*h - v - 84. What is the greatest common divisor of 3419 and h?
13
Let f = -366 - -371. Suppose -180 = -f*t + 4*q, 148 = -7*t + 11*t - 4*q. Calculate the greatest common factor of 128 and t.
32
Let f be ((52/3)/2)/((-4)/(-6)). Suppose 114 = 32*u - 31*u. Suppose 89 = 2*s - 3*g, 2*s = -g - g + u. Calculate the greatest common factor of s and f.
13
Let s be (-121)/(-3267) - (-2456)/27. What is the greatest common divisor of 8099 and s?
91
Suppose -6*o + 119 = 47. Suppose 4 - o = -8*h. What is the greatest common divisor of 13 and h?
1
Let n(y) = 4*y**2 + y - 1. Let m be n(-2). Let t = m - 4. Suppose 2*i = t - 3. What is the highest common divisor of i and 2?
1
Let b be ((-64)/(-5))/(40 - 10890/275). Let x = 377 - -263. Calculate the highest common divisor of b and x.
32
Let q(r) = 10*r**2 - 53*r - 11. Let s be q(6). Calculate the greatest common factor of 3007 and s.
31
Let f be 201/(-268) + 4558/8. Suppose 33*n - 421 = f. Suppose 5*y + 0 = 60. What is the highest common divisor of y and n?
6
Let c(a) = a + 11. Let z = 68 + -68. Let p be c(z). Let q = -30 - -63. Calculate the highest common factor of p and q.
11
Let v(d) = -4*d**3 - 6*d**2 - 23*d + 918. Let l be v(0). Calculate the greatest common factor of 1190 and l.
34
Let p = 94 + -67. Suppose -27 = -d + p. Calculate the greatest common divisor of d and 6.
6
Suppose -4*x - 8 = -8*x. Suppose -4*m + 4 = c - 8, 5*m - x = 2*c. Let u be (8 - 42)*(-2)/c. What is the greatest common divisor of u and 68?
17
Suppose -279 + 79 - 190 = -3*z. What is the highest common divisor of 2405 and z?
65
Let u = -13284 - -14294. What is the greatest common factor of 2 and u?
2
Let w(p) = -3*p**3 - 4*p**2 - p - 27. Let i be w(-4). Suppose -i*u + 4 = -101*u. Calculate the highest common divisor of u and 27.
1
Suppose -9 = 2*o + 1, -l - 5*o = 39. Let c(p) = p**2 + 18*p + 102. Let n be c(l). What is the greatest common divisor of 1150 and n?
46
Suppose -5*u - p + 60 = -0*p, 2*u + 2*p - 32 = 0. Suppose -f - 4*c + 82 = -u, -255 = -3*f - 4*c. Let v = f + -49. What is the highest common divisor of v and 8?
8
Let d(b) = 93*b + 3120. Let l be d(-30). Calculate the highest common divisor of 264 and l.
66
Suppose -4*l = -5*l + 2. Suppose -2*q - 2*q + 32 = 0. Let c = 26 - q. Calculate the highest common factor of c and l.
2
Let y = 9385 + -9361. Calculate the highest common factor of 2712 and y.
24
Let p be 2/(-15) - (-47918)/285. Let y be ((-6)/4)/((-4)/p). Calculate the greatest common factor of y and 21.
21
Let p(x) = -68*x - 2896. Let f be p(-43). Suppose -2*b + 83 = 3*n + 3*b, 4*n - 96 = -3*b. Calculate the highest common factor of n and f.
7
Let a = -5451 - -5465. Let g = 63 - 49. Calculate the highest common divisor of a and g.
14
Suppose 5457 + 12993 = 205*f. What is the greatest common divisor of 13890 and f?
30
Let b(z) = 241*z - 363. Let f be b(3). Calculate the highest common factor of 410 and f.
10
Suppose 120*k - 119*k = -135. Let o = -125 - k. Suppose 0 = v + 3*v - 320. Calculate the highest common divisor of v and o.
10
Let l = -219 + 305. Suppose -590 = -13*i + l. Calculate the highest common divisor of 91 and i.
13
Suppose 24 = 19*g - 71. Let r be (-6)/(-10) - (2014/(-10) - g). Calculate the highest common divisor of r and 18.
9
Suppose -4*p - 4*t + 4 = 0, 0*p - 5*t - 19 = p. Calculate the highest common divisor of 402 and p.
6
Let r be 10/(-6) - (-26 + (-341642)/138). What is the highest common divisor of 700 and r?
100
Suppose -2*s = -11 - 13. Suppose s*k - 117 = 9*k. Suppose -5*r + 4*t + 512 = -443, -4*t = -20. What is the highest common factor of k and r?
39
Let f(u) = -u**3 + u**2 - 3*u - 5. Let v be (-3 - 0)/((15/(-3))/5). Suppose -10 = v*s - s. Let o be f(s). What is the greatest common factor of 20 and o?
20
Let b = -566 + 797. Let d = -107978 + 108055. Calculate the greatest common divisor of d and b.
77
Suppose 13*j - 133 = 32*j. Let z be (296/56 + j)/(1/(-168)). What is the highest common factor of 36 and z?
36
Suppose -16 = 3*l + 5*r, 0 = -2*r + 8 - 6. Let p be (126/5)/(l/(-70)). What is the greatest common factor of 36 and p?
36
Suppose 573*g = 548*g + 34650. What is the greatest common divisor of 44 and g?
22
Let u(c) = -c**3 + 11*c**2 - 17*c - 11. Let w be u(9). Let a be (-1911)/(-98) + (-5)/w + -2. What is the greatest common divisor of 90 and a?
10
Let j(d) = 8*d**2 - 12*d - 11. Let b = 6 - 9. Let w be j(b). What is the greatest common divisor of 97 and w?
97
Let r = 127 + -28. Let k = r + -96. Calculate the highest common factor of k and 33.
3
Suppose -v - 4*s = -18, -2*s = -2*v + s + 3. Suppose -9*h = -10*h + 1. Suppose 0 = 4*d - 7 - h. Calculate the greatest common factor of d and v.
2
Let p be (-60)/(-5)*2/3. Suppose p*h - 3*k - 774 = 5*h, -5*h + 1291 = -4*k. What is the highest common factor of 37 and h?
37
Suppose 7*f - f + 18 = 0. Let y = 75 - f. Let w be (-2 - -1 - 21)*y/(-4). Calculate the greatest common divisor of w and 39.
39
Suppose 2*d - 31 = 2*s - 3*s, s - 11 = 3*d. Suppose -3 = -7*k + 10*k. Let t = s - k. What is the greatest common factor of 60 and t?
12
Suppose -3*a + 1468 = -5*n, 9*n - 5